{"id":660,"date":"2023-04-24T18:47:25","date_gmt":"2023-04-24T16:47:25","guid":{"rendered":"http:\/\/socorristas-lefilm.net\/site\/?page_id=660"},"modified":"2025-01-31T15:05:28","modified_gmt":"2025-01-31T14:05:28","slug":"diffusion-et-distribution","status":"publish","type":"page","link":"http:\/\/socorristas-lefilm.net\/site\/diffusion-et-distribution\/","title":{"rendered":"Voir le film ou le projeter"},"content":{"rendered":"\n<h2 class=\"wp-block-heading\">Comment voir Socorristas ?<\/h2>\n\n\n\n<ul>\n<li><strong>Vous pouvez vous procurer un DVD<\/strong> du film aupr\u00e8s de l&rsquo;un de nos deux distributeurs :<\/li>\n<\/ul>\n\n\n<div class=\"wp-block-image\">\n<figure class=\"alignleft size-full\"><img decoding=\"async\" loading=\"lazy\" width=\"100\" height=\"100\" src=\"http:\/\/socorristas-lefilm.net\/site\/wp-content\/uploads\/2023\/04\/logo-Lukarn.png\" alt=\"\" class=\"wp-image-661\"\/><\/figure><\/div>\n\n\n<p>La soci\u00e9t\u00e9 <a href=\"https:\/\/lukarn.fr\/\">Lukarn<\/a> a pour mission de distribuer la version de 52\u2019. Elle la propose \u00e0 la vente en France et \u00e0 l\u2019\u00e9tranger. Elle propose aussi le film en version DVD.<\/p>\n\n\n\n<p><a href=\"https:\/\/lukarn.fr\">https:\/\/lukarn.fr<\/a><\/p>\n\n\n<div class=\"wp-block-image\">\n<figure class=\"alignleft size-full is-resized\"><img decoding=\"async\" loading=\"lazy\" src=\"http:\/\/socorristas-lefilm.net\/site\/wp-content\/uploads\/2023\/04\/logo-csdb-2020-jaune-rose-blc.png\" alt=\"\" class=\"wp-image-662\" width=\"176\" height=\"82\" srcset=\"http:\/\/socorristas-lefilm.net\/site\/wp-content\/uploads\/2023\/04\/logo-csdb-2020-jaune-rose-blc.png 550w, http:\/\/socorristas-lefilm.net\/site\/wp-content\/uploads\/2023\/04\/logo-csdb-2020-jaune-rose-blc-300x139.png 300w\" sizes=\"(max-width: 176px) 100vw, 176px\" \/><\/figure><\/div>\n\n\n<p>Le <a href=\"https:\/\/www.centre-simone-de-beauvoir.com\/\">Centre audiovisuel Simone de Beauvoir<\/a> a pour mission de distribuer la version 70&prime;. C&rsquo;est un distributeur non-exclusif. <\/p>\n\n\n\n<p><\/p>\n\n\n\n<p>Si vous pensez organiser une projection et voulez voir le film avant, vous pouvez aussi me demander un lien de visionnage : carolinemorange [a] yahoo.fr<\/p>\n\n\n\n<ul>\n<li><strong>Des projections sont organis\u00e9es r\u00e9guli\u00e8rement<\/strong> dans des cin\u00e9mas ou des salles diverses. Vous pouvez vous tenir au courant de ces projections sur les r\u00e9seaux sociaux du film : <\/li>\n<\/ul>\n\n\n\n<p>Sur <a href=\"http:\/\/www.instagram.com\/docsocorristas\">Instagram<\/a> ou sur <a href=\"http:\/\/www.facebook.com\/docosorristas\">Facebook<\/a>, le compte est est @DocSocorristas (attention au pi\u00e8ge : un c et deux r&#8230;)<\/p>\n\n\n\n<h2 class=\"wp-block-heading\">Comment projeter Socorristas ?<\/h2>\n\n\n\n<ul>\n<li><strong>Nous sommes ouverts \u00e0 toute proposition de projection du film<\/strong>, suivie ou non d&rsquo;une rencontre-d\u00e9bat, par une association, une collectivit\u00e9 locale, une structure \u00e9ducative, etc. Les conditions peuvent \u00eatre discut\u00e9es et n\u00e9goci\u00e9es !<\/li>\n<\/ul>\n\n\n\n<p>N&rsquo;h\u00e9sitez pas \u00e0 nous contacter au carolinemorange [a] yahoo.fr<\/p>\n\n\n\n<ul>\n<li><strong>Pour les structures franciliennes<\/strong>, associatives ou touchant des publics dits \u00ab\u00a0\u00e9loign\u00e9s de la culture\u00a0\u00bb, le film est disponible dans le cadre du dispositif de l&rsquo;association <a href=\"http:\/\/www.addoc.net\">Addoc<\/a> \u00ab\u00a0Un docu pr\u00e8s de chez vous\u00a0\u00bb qui permet de projeter le film et d&rsquo;organiser un d\u00e9bat avec la r\u00e9alisatrice pour un prix tr\u00e8s modique.<\/li>\n<\/ul>\n\n\n<div class=\"wp-block-image\">\n<figure class=\"alignleft size-full is-resized\"><img decoding=\"async\" loading=\"lazy\" src=\"https:\/\/socorristas-lefilm.net\/site\/wp-content\/uploads\/2025\/01\/Screenshot-2025-01-31-at-15-02-46-un-docu-pres-de-chez-vous-catalogie-avec-liens.pdf.png\" alt=\"\" class=\"wp-image-780\" width=\"213\" height=\"125\" srcset=\"http:\/\/socorristas-lefilm.net\/site\/wp-content\/uploads\/2025\/01\/Screenshot-2025-01-31-at-15-02-46-un-docu-pres-de-chez-vous-catalogie-avec-liens.pdf.png 646w, http:\/\/socorristas-lefilm.net\/site\/wp-content\/uploads\/2025\/01\/Screenshot-2025-01-31-at-15-02-46-un-docu-pres-de-chez-vous-catalogie-avec-liens.pdf-300x176.png 300w\" sizes=\"(max-width: 213px) 100vw, 213px\" \/><\/figure><\/div>\n\n\n<p>Ce dispositif existe depuis 2024 et a permis \u00e0 des r\u00e9alisateur-ices d&rsquo;accompagner leurs films documentaires lors de projections dans diff\u00e9rents lieux d\u2019\u00eele-de-France tels que maisons de quartiers, m\u00e9diath\u00e8ques, centres sociaux, prisons, centres Paris-Anim, ehpads&#8230; <\/p>\n\n\n\n<p>Le catalogue d&rsquo;Un docu pr\u00e8s de chez vous est par ici : <a rel=\"noreferrer noopener\" href=\"https:\/\/addoc.net\/wp-content\/uploads\/2024\/12\/un-docu-pres-de-chez-vous-catalogie-avec-liens.pdf\" target=\"_blank\">https:\/\/addoc.net\/wp-content\/uploads\/2024\/12\/un-docu-pres-de-chez-vous-catalogie-avec-liens.pdf<\/a> Vous y trouverez Socorristas mais aussi bien d&rsquo;autres propositions.<\/p>\n\n\n\n<p>Pour toute question ou pour une demande de projection dans le cadre de Un docu pr\u00e8s de chez vous (pour Socorristas ou pour tout autre film du catalogue), n&rsquo;h\u00e9sitez pas \u00e0 contacter <a href=\"mailto:projections@addoc.net\">projections@addoc.net <\/a><\/p>\n","protected":false},"excerpt":{"rendered":"<p>Comment voir Socorristas ? La soci\u00e9t\u00e9 Lukarn a pour mission de distribuer la version de 52\u2019. Elle la propose \u00e0 la vente en France et \u00e0 l\u2019\u00e9tranger. Elle propose aussi le film en version DVD. https:\/\/lukarn.fr Le Centre audiovisuel Simone de Beauvoir a pour mission de distribuer la version 70&prime;. [&hellip;]<\/p>\n","protected":false},"author":1,"featured_media":0,"parent":0,"menu_order":0,"comment_status":"closed","ping_status":"closed","template":"","meta":[],"_links":{"self":[{"href":"http:\/\/socorristas-lefilm.net\/site\/wp-json\/wp\/v2\/pages\/660"}],"collection":[{"href":"http:\/\/socorristas-lefilm.net\/site\/wp-json\/wp\/v2\/pages"}],"about":[{"href":"http:\/\/socorristas-lefilm.net\/site\/wp-json\/wp\/v2\/types\/page"}],"author":[{"embeddable":true,"href":"http:\/\/socorristas-lefilm.net\/site\/wp-json\/wp\/v2\/users\/1"}],"replies":[{"embeddable":true,"href":"http:\/\/socorristas-lefilm.net\/site\/wp-json\/wp\/v2\/comments?post=660"}],"version-history":[{"count":5,"href":"http:\/\/socorristas-lefilm.net\/site\/wp-json\/wp\/v2\/pages\/660\/revisions"}],"predecessor-version":[{"id":781,"href":"http:\/\/socorristas-lefilm.net\/site\/wp-json\/wp\/v2\/pages\/660\/revisions\/781"}],"wp:attachment":[{"href":"http:\/\/socorristas-lefilm.net\/site\/wp-json\/wp\/v2\/media?parent=660"}],"curies":[{"name":"wp","href":"https:\/\/api.w.org\/{rel}","templated":true}]}}